{"id":1300,"date":"2024-11-14T16:05:44","date_gmt":"2024-11-14T14:05:44","guid":{"rendered":"https:\/\/vilanova.travel\/casamuseovalleinclan\/?page_id=1300"},"modified":"2024-11-14T16:07:11","modified_gmt":"2024-11-14T14:07:11","slug":"a-casa","status":"publish","type":"page","link":"https:\/\/vilanova.travel\/casamuseovalleinclan\/gl\/a-casa\/","title":{"rendered":"A casa"},"content":{"rendered":"\t\t<div data-elementor-type=\"wp-page\" data-elementor-id=\"1300\" class=\"elementor elementor-1300\">\n\t\t\t\t<div class=\"elementor-element elementor-element-3fd0be0 e-con-full e-flex e-con e-parent\" data-id=\"3fd0be0\" data-element_type=\"container\" data-e-type=\"container\">\n\t\t\t\t<div class=\"elementor-element elementor-element-b37b0fd elementor-widget elementor-widget-image\" data-id=\"b37b0fd\" data-element_type=\"widget\" data-e-type=\"widget\" data-widget_type=\"image.default\">\n\t\t\t\t<div class=\"elementor-widget-container\">\n\t\t\t\t\t\t\t\t\t\t\t\t\t\t\t<img fetchpriority=\"high\" decoding=\"async\" width=\"1728\" height=\"300\" src=\"https:\/\/vilanova.travel\/casamuseovalleinclan\/wp-content\/uploads\/2024\/09\/Cabecera-la-casa.jpg\" class=\"attachment-full size-full wp-image-462\" alt=\"La Casa\" srcset=\"https:\/\/vilanova.travel\/casamuseovalleinclan\/wp-content\/uploads\/2024\/09\/Cabecera-la-casa.jpg 1728w, https:\/\/vilanova.travel\/casamuseovalleinclan\/wp-content\/uploads\/2024\/09\/Cabecera-la-casa-300x52.jpg 300w, https:\/\/vilanova.travel\/casamuseovalleinclan\/wp-content\/uploads\/2024\/09\/Cabecera-la-casa-1024x178.jpg 1024w, https:\/\/vilanova.travel\/casamuseovalleinclan\/wp-content\/uploads\/2024\/09\/Cabecera-la-casa-768x133.jpg 768w, https:\/\/vilanova.travel\/casamuseovalleinclan\/wp-content\/uploads\/2024\/09\/Cabecera-la-casa-1536x267.jpg 1536w\" sizes=\"(max-width: 1728px) 100vw, 1728px\" \/>\t\t\t\t\t\t\t\t\t\t\t\t\t\t\t<\/div>\n\t\t\t\t<\/div>\n\t\t\t\t<\/div>\n\t\t<div class=\"elementor-element elementor-element-8c75d98 e-con-full e-flex e-con e-parent\" data-id=\"8c75d98\" data-element_type=\"container\" data-e-type=\"container\">\n\t\t\t\t<div class=\"elementor-element elementor-element-dda706a elementor-widget elementor-widget-heading\" data-id=\"dda706a\" data-element_type=\"widget\" data-e-type=\"widget\" data-widget_type=\"heading.default\">\n\t\t\t\t<div class=\"elementor-widget-container\">\n\t\t\t\t\t<h1 class=\"elementor-heading-title elementor-size-default\">La casa<\/h1>\t\t\t\t<\/div>\n\t\t\t\t<\/div>\n\t\t\t\t<div class=\"elementor-element elementor-element-aaf9eb1 elementor-widget elementor-widget-heading\" data-id=\"aaf9eb1\" data-element_type=\"widget\" data-e-type=\"widget\" data-widget_type=\"heading.default\">\n\t\t\t\t<div class=\"elementor-widget-container\">\n\t\t\t\t\t<h2 class=\"elementor-heading-title elementor-size-default\">Localizada no casco hist\u00f3rico de Vilanova, na confluencia das r\u00faas Luces de Bohemia e Priorato, atopar\u00e1s a impo\u00f1ente Casa do Cuadrante. <\/h2>\t\t\t\t<\/div>\n\t\t\t\t<\/div>\n\t\t\t\t<div class=\"elementor-element elementor-element-876aaa2 elementor-widget elementor-widget-text-editor\" data-id=\"876aaa2\" data-element_type=\"widget\" data-e-type=\"widget\" data-widget_type=\"text-editor.default\">\n\t\t\t\t<div class=\"elementor-widget-container\">\n\t\t\t\t\t\t\t\t\t<p>Esta <strong>residencia solariega data do s\u00e9culo XVI<\/strong>, a\u00ednda que sufriu <strong>varias reformas<\/strong>. Unha das \u00faltimas realizouse a mediados do s\u00e9culo XIX reconvert\u00e9ndose nun edificio de estilo <em>pacego<\/em> ou tradicional \u201ccasa grande urbana\u201d de familia de clase alta. A pesares de que a Casa do Cuadrante \u00e9 o produto da anexi\u00f3n de elementos que se foron engadindo ao longo de moitos anos, toda ela responde a unha tipolox\u00eda propia da zona na que est\u00e1 integrada.<\/p>\t\t\t\t\t\t\t\t<\/div>\n\t\t\t\t<\/div>\n\t\t\t\t<\/div>\n\t\t<div class=\"elementor-element elementor-element-1cf1670 e-con-full e-flex e-con e-parent\" data-id=\"1cf1670\" data-element_type=\"container\" data-e-type=\"container\">\n\t\t\t\t<div class=\"elementor-element elementor-element-dacd549 elementor-widget elementor-widget-image\" data-id=\"dacd549\" data-element_type=\"widget\" data-e-type=\"widget\" data-widget_type=\"image.default\">\n\t\t\t\t<div class=\"elementor-widget-container\">\n\t\t\t\t\t\t\t\t\t\t\t\t\t\t\t<img decoding=\"async\" width=\"2000\" height=\"611\" src=\"https:\/\/vilanova.travel\/casamuseovalleinclan\/wp-content\/uploads\/2024\/09\/la-casa-min.jpeg\" class=\"attachment-full size-full wp-image-467\" alt=\"la casa\" srcset=\"https:\/\/vilanova.travel\/casamuseovalleinclan\/wp-content\/uploads\/2024\/09\/la-casa-min.jpeg 2000w, https:\/\/vilanova.travel\/casamuseovalleinclan\/wp-content\/uploads\/2024\/09\/la-casa-min-300x92.jpeg 300w, https:\/\/vilanova.travel\/casamuseovalleinclan\/wp-content\/uploads\/2024\/09\/la-casa-min-1024x313.jpeg 1024w, https:\/\/vilanova.travel\/casamuseovalleinclan\/wp-content\/uploads\/2024\/09\/la-casa-min-768x235.jpeg 768w, https:\/\/vilanova.travel\/casamuseovalleinclan\/wp-content\/uploads\/2024\/09\/la-casa-min-1536x469.jpeg 1536w\" sizes=\"(max-width: 2000px) 100vw, 2000px\" \/>\t\t\t\t\t\t\t\t\t\t\t\t\t\t\t<\/div>\n\t\t\t\t<\/div>\n\t\t\t\t<\/div>\n\t\t<div class=\"elementor-element elementor-element-e69246c e-con-full e-flex e-con e-parent\" data-id=\"e69246c\" data-element_type=\"container\" data-e-type=\"container\">\n\t\t\t\t<div class=\"elementor-element elementor-element-abf1e72 elementor-widget elementor-widget-heading\" data-id=\"abf1e72\" data-element_type=\"widget\" data-e-type=\"widget\" data-widget_type=\"heading.default\">\n\t\t\t\t<div class=\"elementor-widget-container\">\n\t\t\t\t\t<h4 class=\"elementor-heading-title elementor-size-default\">A Casa do Cuadrante<\/h4>\t\t\t\t<\/div>\n\t\t\t\t<\/div>\n\t\t\t\t<div class=\"elementor-element elementor-element-3013028 elementor-widget elementor-widget-text-editor\" data-id=\"3013028\" data-element_type=\"widget\" data-e-type=\"widget\" data-widget_type=\"text-editor.default\">\n\t\t\t\t<div class=\"elementor-widget-container\">\n\t\t\t\t\t\t\t\t\t<p>Na orixe, pertenc\u00eda ao Priorado Benedictino de Vilanova de Arousa e, desgarrados estes bens, foi adquirida por Francisco de la Pe\u00f1a Cardecid e Josefa Montenegro y Saco Bola\u00f1o, av\u00f3s maternos do escritor. Cando a familia Valle Pe\u00f1a deixou de residir no pobo, o escritor alox\u00e1base no Cuadrante cando regresaba a Vilanova de Arousa. Por aquel ent\u00f3n, al\u00ed viv\u00edan uns primos, que lle ti\u00f1an reservada unha habitaci\u00f3n.<\/p><p>O inmoble <strong>estivo habitado ata os anos 90\u2019s<\/strong>, cando quedou practicamente abandonado. En <strong>1994<\/strong>, o edificio sufriu un <strong>terrible incendio<\/strong>, perd\u00e9ndose case todo o que hab\u00eda no seu interior. Ao ano seguinte, o <strong>Concello de Vilanova de Arousa<\/strong>, no seu af\u00e1n por manter viva a s\u00faa memoria, <strong>adquiriu o inmoble para rehabilitalo e convertelo na Casa-Museo Valle-Incl\u00e1n<\/strong>.<\/p>\t\t\t\t\t\t\t\t<\/div>\n\t\t\t\t<\/div>\n\t\t\t\t<div class=\"elementor-element elementor-element-f626c12 elementor-widget elementor-widget-heading\" data-id=\"f626c12\" data-element_type=\"widget\" data-e-type=\"widget\" data-widget_type=\"heading.default\">\n\t\t\t\t<div class=\"elementor-widget-container\">\n\t\t\t\t\t<h4 class=\"elementor-heading-title elementor-size-default\">Declaraci\u00f3n de Monumento Hist\u00f3rico Nacional<\/h4>\t\t\t\t<\/div>\n\t\t\t\t<\/div>\n\t\t\t\t<div class=\"elementor-element elementor-element-ed50341 elementor-widget elementor-widget-text-editor\" data-id=\"ed50341\" data-element_type=\"widget\" data-e-type=\"widget\" data-widget_type=\"text-editor.default\">\n\t\t\t\t<div class=\"elementor-widget-container\">\n\t\t\t\t\t\t\t\t\t<p>A <strong>Casa do Cuadrante<\/strong> foi <strong>declarada monumento hist\u00f3rico nacional en 1976<\/strong> polo decreto 249\/1976 de 9 de xaneiro. No documento decl\u00e1rase que foi nela onde naceu o 28 de outubro de 1866, Ram\u00f3n Jos\u00e9 Sim\u00f3n del Valle Pe\u00f1a, co\u00f1ecido posteriormente como Ram\u00f3n Mar\u00eda del Valle-Incl\u00e1n.<\/p><p>Jos\u00e9 Caama\u00f1o Bournacell, en <em>Por las rutas tur\u00edsticas de Valle-Incl\u00e1n. Gu\u00eda para conocer y caminar (Madrid, 1971)<\/em>, indica que Valle-Incl\u00e1n \u201cnaceu na alcoba principal na Casa denominada do Cuadrante, na r\u00faa Priorato na que, aos poucos d\u00edas, foi levado en brazos da s\u00faa nai, Do\u00f1a Dolores Pe\u00f1a y Saco Bola\u00f1o \u00e1 do \u201cCantillo\u201d, na Praza de San Mauro\u201d. A importancia desta vivenda tam\u00e9n se fai patente na obra do escritor, formando parte da configuraci\u00f3n da est\u00e9tica valleinclaniana.<\/p>\t\t\t\t\t\t\t\t<\/div>\n\t\t\t\t<\/div>\n\t\t\t\t<\/div>\n\t\t\t\t<\/div>\n\t\t","protected":false},"excerpt":{"rendered":"<p>La casa Localizada no casco hist\u00f3rico de Vilanova, na confluencia das r\u00faas Luces de Bohemia e Priorato, atopar\u00e1s a impo\u00f1ente Casa do Cuadrante. Esta residencia solariega data do s\u00e9culo XVI, a\u00ednda que sufriu varias reformas. Unha das \u00faltimas realizouse a mediados do s\u00e9culo XIX reconvert\u00e9ndose nun edificio de estilo pacego ou tradicional \u201ccasa grande urbana\u201d&hellip;&nbsp;<a href=\"https:\/\/vilanova.travel\/casamuseovalleinclan\/gl\/a-casa\/\" rel=\"bookmark\">Leer m\u00e1s &raquo;<span class=\"screen-reader-text\">A casa<\/span><\/a><\/p>\n","protected":false},"author":1,"featured_media":0,"parent":0,"menu_order":0,"comment_status":"closed","ping_status":"closed","template":"elementor_header_footer","meta":{"inline_featured_image":false,"neve_meta_sidebar":"","neve_meta_container":"","neve_meta_enable_content_width":"","neve_meta_content_width":0,"neve_meta_title_alignment":"","neve_meta_author_avatar":"","neve_post_elements_order":"","neve_meta_disable_header":"","neve_meta_disable_footer":"","neve_meta_disable_title":"","footnotes":""},"class_list":["post-1300","page","type-page","status-publish","hentry"],"_links":{"self":[{"href":"https:\/\/vilanova.travel\/casamuseovalleinclan\/wp-json\/wp\/v2\/pages\/1300","targetHints":{"allow":["GET"]}}],"collection":[{"href":"https:\/\/vilanova.travel\/casamuseovalleinclan\/wp-json\/wp\/v2\/pages"}],"about":[{"href":"https:\/\/vilanova.travel\/casamuseovalleinclan\/wp-json\/wp\/v2\/types\/page"}],"author":[{"embeddable":true,"href":"https:\/\/vilanova.travel\/casamuseovalleinclan\/wp-json\/wp\/v2\/users\/1"}],"replies":[{"embeddable":true,"href":"https:\/\/vilanova.travel\/casamuseovalleinclan\/wp-json\/wp\/v2\/comments?post=1300"}],"version-history":[{"count":4,"href":"https:\/\/vilanova.travel\/casamuseovalleinclan\/wp-json\/wp\/v2\/pages\/1300\/revisions"}],"predecessor-version":[{"id":1304,"href":"https:\/\/vilanova.travel\/casamuseovalleinclan\/wp-json\/wp\/v2\/pages\/1300\/revisions\/1304"}],"wp:attachment":[{"href":"https:\/\/vilanova.travel\/casamuseovalleinclan\/wp-json\/wp\/v2\/media?parent=1300"}],"curies":[{"name":"wp","href":"https:\/\/api.w.org\/{rel}","templated":true}]}}