{"id":708,"date":"2024-11-14T12:40:03","date_gmt":"2024-11-14T10:40:03","guid":{"rendered":"https:\/\/vilanova.travel\/casamuseoirmanscamba\/?page_id=708"},"modified":"2024-11-14T12:41:56","modified_gmt":"2024-11-14T10:41:56","slug":"francisco-camba-2","status":"publish","type":"page","link":"https:\/\/vilanova.travel\/casamuseoirmanscamba\/gl\/francisco-camba-2\/","title":{"rendered":"Francisco Camba"},"content":{"rendered":"\t\t<div data-elementor-type=\"wp-page\" data-elementor-id=\"708\" class=\"elementor elementor-708\">\n\t\t\t\t<div class=\"elementor-element elementor-element-a844eec e-con-full e-flex e-con e-parent\" data-id=\"a844eec\" data-element_type=\"container\" data-e-type=\"container\">\n\t\t\t\t<div class=\"elementor-element elementor-element-bf8f6c8 elementor-widget elementor-widget-image\" data-id=\"bf8f6c8\" data-element_type=\"widget\" data-e-type=\"widget\" data-widget_type=\"image.default\">\n\t\t\t\t<div class=\"elementor-widget-container\">\n\t\t\t\t\t\t\t\t\t\t\t\t\t\t\t<img fetchpriority=\"high\" decoding=\"async\" width=\"1728\" height=\"320\" src=\"https:\/\/vilanova.travel\/casamuseoirmanscamba\/wp-content\/uploads\/2024\/09\/cabecera-francisco-camba.jpeg\" class=\"attachment-full size-full wp-image-293\" alt=\"cabecera francisco camba\" srcset=\"https:\/\/vilanova.travel\/casamuseoirmanscamba\/wp-content\/uploads\/2024\/09\/cabecera-francisco-camba.jpeg 1728w, https:\/\/vilanova.travel\/casamuseoirmanscamba\/wp-content\/uploads\/2024\/09\/cabecera-francisco-camba-300x56.jpeg 300w, https:\/\/vilanova.travel\/casamuseoirmanscamba\/wp-content\/uploads\/2024\/09\/cabecera-francisco-camba-1024x190.jpeg 1024w, https:\/\/vilanova.travel\/casamuseoirmanscamba\/wp-content\/uploads\/2024\/09\/cabecera-francisco-camba-768x142.jpeg 768w, https:\/\/vilanova.travel\/casamuseoirmanscamba\/wp-content\/uploads\/2024\/09\/cabecera-francisco-camba-1536x284.jpeg 1536w\" sizes=\"(max-width: 1728px) 100vw, 1728px\" \/>\t\t\t\t\t\t\t\t\t\t\t\t\t\t\t<\/div>\n\t\t\t\t<\/div>\n\t\t\t\t<\/div>\n\t\t<div class=\"elementor-element elementor-element-c53c963 e-con-full e-flex e-con e-parent\" data-id=\"c53c963\" data-element_type=\"container\" data-e-type=\"container\">\n\t\t\t\t<div class=\"elementor-element elementor-element-456e494 elementor-widget elementor-widget-heading\" data-id=\"456e494\" data-element_type=\"widget\" data-e-type=\"widget\" data-widget_type=\"heading.default\">\n\t\t\t\t<div class=\"elementor-widget-container\">\n\t\t\t\t\t<h1 class=\"elementor-heading-title elementor-size-default\">Francisco Camba<\/h1>\t\t\t\t<\/div>\n\t\t\t\t<\/div>\n\t\t\t\t<\/div>\n\t\t<div class=\"elementor-element elementor-element-b420640 e-con-full elementor-hidden-mobile e-flex e-con e-parent\" data-id=\"b420640\" data-element_type=\"container\" data-e-type=\"container\">\n\t\t<div class=\"elementor-element elementor-element-3441ed5 e-con-full e-flex e-con e-child\" data-id=\"3441ed5\" data-element_type=\"container\" data-e-type=\"container\" data-settings=\"{&quot;background_background&quot;:&quot;classic&quot;}\">\n\t\t\t\t<div class=\"elementor-element elementor-element-8c76597 elementor-widget elementor-widget-image\" data-id=\"8c76597\" data-element_type=\"widget\" data-e-type=\"widget\" data-widget_type=\"image.default\">\n\t\t\t\t<div class=\"elementor-widget-container\">\n\t\t\t\t\t\t\t\t\t\t\t\t\t\t\t<img decoding=\"async\" width=\"640\" height=\"426\" src=\"https:\/\/vilanova.travel\/casamuseoirmanscamba\/wp-content\/uploads\/2024\/09\/Vilanova_03-07b_Casa_Museo_Irma\u2560uns_Camba.jpg\" class=\"attachment-full size-full wp-image-297\" alt=\"Vilanova_03-07b_Casa_Museo_Irma\u2560\u00fcns_Camba\" srcset=\"https:\/\/vilanova.travel\/casamuseoirmanscamba\/wp-content\/uploads\/2024\/09\/Vilanova_03-07b_Casa_Museo_Irma\u2560uns_Camba.jpg 640w, https:\/\/vilanova.travel\/casamuseoirmanscamba\/wp-content\/uploads\/2024\/09\/Vilanova_03-07b_Casa_Museo_Irma\u2560uns_Camba-300x200.jpg 300w\" sizes=\"(max-width: 640px) 100vw, 640px\" \/>\t\t\t\t\t\t\t\t\t\t\t\t\t\t\t<\/div>\n\t\t\t\t<\/div>\n\t\t\t\t<\/div>\n\t\t<div class=\"elementor-element elementor-element-8579960 e-con-full e-flex e-con e-child\" data-id=\"8579960\" data-element_type=\"container\" data-e-type=\"container\">\n\t\t\t\t<div class=\"elementor-element elementor-element-359e6ae elementor-widget elementor-widget-heading\" data-id=\"359e6ae\" data-element_type=\"widget\" data-e-type=\"widget\" data-widget_type=\"heading.default\">\n\t\t\t\t<div class=\"elementor-widget-container\">\n\t\t\t\t\t<h3 class=\"elementor-heading-title elementor-size-default\">Infancia<\/h3>\t\t\t\t<\/div>\n\t\t\t\t<\/div>\n\t\t\t\t<div class=\"elementor-element elementor-element-b69edc5 elementor-widget elementor-widget-text-editor\" data-id=\"b69edc5\" data-element_type=\"widget\" data-e-type=\"widget\" data-widget_type=\"text-editor.default\">\n\t\t\t\t<div class=\"elementor-widget-container\">\n\t\t\t\t\t\t\t\t\t<p><strong>Nado<\/strong> no ano <strong>1882<\/strong>, <strong>Francisco (<em>Paco<\/em>) Camba <\/strong>mostrou desde moi pequeno a s\u00faa <strong>devoci\u00f3n polas letras.<\/strong> En <strong>1898<\/strong>, sacou o <strong>t\u00edtulo de Mestre<\/strong> e un dos seus primeiros destinos foi Portomar\u00edn. Aproveitou a s\u00faa estancia nesta localidade para <strong>colaborar con distintos medios da \u00e9poca <\/strong>como <em>La Idea moderna<\/em> ou <em>El Lucense<\/em>. Tras percorrer outros destinos, <strong>finalmente decidiu trasladarse a Madrid para seguir a s\u00faa vocaci\u00f3n de novelista,<\/strong> carreira que comezara en 1990.<\/p>\t\t\t\t\t\t\t\t<\/div>\n\t\t\t\t<\/div>\n\t\t\t\t<\/div>\n\t\t\t\t<\/div>\n\t\t<div class=\"elementor-element elementor-element-b9665dc e-con-full elementor-hidden-desktop elementor-hidden-tablet e-flex e-con e-parent\" data-id=\"b9665dc\" data-element_type=\"container\" data-e-type=\"container\">\n\t\t<div class=\"elementor-element elementor-element-1c1a567 e-con-full e-flex e-con e-child\" data-id=\"1c1a567\" data-element_type=\"container\" data-e-type=\"container\">\n\t\t\t\t<div class=\"elementor-element elementor-element-1025fe5 elementor-widget elementor-widget-heading\" data-id=\"1025fe5\" data-element_type=\"widget\" data-e-type=\"widget\" data-widget_type=\"heading.default\">\n\t\t\t\t<div class=\"elementor-widget-container\">\n\t\t\t\t\t<h3 class=\"elementor-heading-title elementor-size-default\">Infancia<\/h3>\t\t\t\t<\/div>\n\t\t\t\t<\/div>\n\t\t\t\t<div class=\"elementor-element elementor-element-386e524 elementor-widget elementor-widget-text-editor\" data-id=\"386e524\" data-element_type=\"widget\" data-e-type=\"widget\" data-widget_type=\"text-editor.default\">\n\t\t\t\t<div class=\"elementor-widget-container\">\n\t\t\t\t\t\t\t\t\t<p><strong>Nado<\/strong> no ano <strong>1882<\/strong>, <strong>Francisco (<em>Paco<\/em>) Camba <\/strong>mostrou desde moi pequeno a s\u00faa <strong>devoci\u00f3n polas letras.<\/strong> En <strong>1898<\/strong>, sacou o <strong>t\u00edtulo de Mestre<\/strong> e un dos seus primeiros destinos foi Portomar\u00edn. Aproveitou a s\u00faa estancia nesta localidade para <strong>colaborar con distintos medios da \u00e9poca <\/strong>como <em>La Idea moderna<\/em> ou <em>El Lucense<\/em>. Tras percorrer outros destinos, <strong>finalmente decidiu trasladarse a Madrid para seguir a s\u00faa vocaci\u00f3n de novelista,<\/strong> carreira que comezara en 1990.<\/p>\t\t\t\t\t\t\t\t<\/div>\n\t\t\t\t<\/div>\n\t\t\t\t<\/div>\n\t\t<div class=\"elementor-element elementor-element-3a54fa8 e-con-full e-flex e-con e-child\" data-id=\"3a54fa8\" data-element_type=\"container\" data-e-type=\"container\" data-settings=\"{&quot;background_background&quot;:&quot;classic&quot;}\">\n\t\t\t\t<div class=\"elementor-element elementor-element-1df3aa5 elementor-hidden-desktop elementor-hidden-tablet elementor-widget elementor-widget-image\" data-id=\"1df3aa5\" data-element_type=\"widget\" data-e-type=\"widget\" data-widget_type=\"image.default\">\n\t\t\t\t<div class=\"elementor-widget-container\">\n\t\t\t\t\t\t\t\t\t\t\t\t\t\t\t<img decoding=\"async\" width=\"640\" height=\"426\" src=\"https:\/\/vilanova.travel\/casamuseoirmanscamba\/wp-content\/uploads\/2024\/09\/Vilanova_03-07b_Casa_Museo_Irma\u2560uns_Camba.jpg\" class=\"attachment-full size-full wp-image-297\" alt=\"Vilanova_03-07b_Casa_Museo_Irma\u2560\u00fcns_Camba\" srcset=\"https:\/\/vilanova.travel\/casamuseoirmanscamba\/wp-content\/uploads\/2024\/09\/Vilanova_03-07b_Casa_Museo_Irma\u2560uns_Camba.jpg 640w, https:\/\/vilanova.travel\/casamuseoirmanscamba\/wp-content\/uploads\/2024\/09\/Vilanova_03-07b_Casa_Museo_Irma\u2560uns_Camba-300x200.jpg 300w\" sizes=\"(max-width: 640px) 100vw, 640px\" \/>\t\t\t\t\t\t\t\t\t\t\t\t\t\t\t<\/div>\n\t\t\t\t<\/div>\n\t\t\t\t<\/div>\n\t\t\t\t<\/div>\n\t\t<div class=\"elementor-element elementor-element-3221f37 e-con-full e-flex e-con e-parent\" data-id=\"3221f37\" data-element_type=\"container\" data-e-type=\"container\" data-settings=\"{&quot;background_background&quot;:&quot;classic&quot;}\">\n\t\t<div class=\"elementor-element elementor-element-78425a8 e-con-full e-flex e-con e-child\" data-id=\"78425a8\" data-element_type=\"container\" data-e-type=\"container\">\n\t\t\t\t<div class=\"elementor-element elementor-element-7d9ab7f elementor-widget elementor-widget-heading\" data-id=\"7d9ab7f\" data-element_type=\"widget\" data-e-type=\"widget\" data-widget_type=\"heading.default\">\n\t\t\t\t<div class=\"elementor-widget-container\">\n\t\t\t\t\t<h3 class=\"elementor-heading-title elementor-size-default\">Xuventude e anarquismo\n<\/h3>\t\t\t\t<\/div>\n\t\t\t\t<\/div>\n\t\t\t\t<div class=\"elementor-element elementor-element-c5ece0c elementor-widget elementor-widget-text-editor\" data-id=\"c5ece0c\" data-element_type=\"widget\" data-e-type=\"widget\" data-widget_type=\"text-editor.default\">\n\t\t\t\t<div class=\"elementor-widget-container\">\n\t\t\t\t\t\t\t\t\t<p><strong>Mudouse \u00e1 capital espa\u00f1ola en 1902<\/strong> e al\u00ed <strong>co\u00f1eceu a grandes intelectuais da \u00e9poca<\/strong>, entre os que se atopaba o propio <strong>Valle-Incl\u00e1n.<\/strong> Camba colaborou con distintos medios, destacando <em>El Imparcial<\/em>. F\u00edxose <strong>asiduo dos faladoiros literarios<\/strong> que se desenvolv\u00edan no Novo Caf\u00e9 de Levante e a Horchater\u00eda de Candelas, onde co\u00f1eceu a autores como Rub\u00e9n Dar\u00edo ou P\u00edo e Ricardo Baroja.<\/p><p><strong>Tralo seu paso por Bos Aires, regresou a Madrid para continuar a s\u00faa labor literaria<\/strong>. Especialmente convulsa resultou a <strong>\u00e9poca da Guerra Civil,<\/strong> que pasou na capital de Espa\u00f1a, e que lle serviu de aliciente para a creaci\u00f3n de novas obras.<\/p>\t\t\t\t\t\t\t\t<\/div>\n\t\t\t\t<\/div>\n\t\t\t\t<\/div>\n\t\t<div class=\"elementor-element elementor-element-e1b3627 e-con-full e-flex e-con e-child\" data-id=\"e1b3627\" data-element_type=\"container\" data-e-type=\"container\" data-settings=\"{&quot;background_background&quot;:&quot;classic&quot;}\">\n\t\t\t\t<div class=\"elementor-element elementor-element-ffebf78 elementor-widget elementor-widget-image\" data-id=\"ffebf78\" data-element_type=\"widget\" data-e-type=\"widget\" data-widget_type=\"image.default\">\n\t\t\t\t<div class=\"elementor-widget-container\">\n\t\t\t\t\t\t\t\t\t\t\t\t\t\t\t<img decoding=\"async\" width=\"640\" height=\"857\" src=\"https:\/\/vilanova.travel\/casamuseoirmanscamba\/wp-content\/uploads\/2024\/09\/1906-01-01-El-Heraldo-nuestros-colaboradores.jpg\" class=\"attachment-full size-full wp-image-301\" alt=\"1906-01-01-El-Heraldo-nuestros-colaboradores\" srcset=\"https:\/\/vilanova.travel\/casamuseoirmanscamba\/wp-content\/uploads\/2024\/09\/1906-01-01-El-Heraldo-nuestros-colaboradores.jpg 640w, https:\/\/vilanova.travel\/casamuseoirmanscamba\/wp-content\/uploads\/2024\/09\/1906-01-01-El-Heraldo-nuestros-colaboradores-224x300.jpg 224w\" sizes=\"(max-width: 640px) 100vw, 640px\" \/>\t\t\t\t\t\t\t\t\t\t\t\t\t\t\t<\/div>\n\t\t\t\t<\/div>\n\t\t\t\t<\/div>\n\t\t\t\t<\/div>\n\t\t<div class=\"elementor-element elementor-element-23bc998 e-con-full elementor-hidden-mobile e-flex e-con e-parent\" data-id=\"23bc998\" data-element_type=\"container\" data-e-type=\"container\">\n\t\t<div class=\"elementor-element elementor-element-009c48f e-con-full e-flex e-con e-child\" data-id=\"009c48f\" data-element_type=\"container\" data-e-type=\"container\" data-settings=\"{&quot;background_background&quot;:&quot;classic&quot;}\">\n\t\t\t\t<div class=\"elementor-element elementor-element-1190216 elementor-widget elementor-widget-image\" data-id=\"1190216\" data-element_type=\"widget\" data-e-type=\"widget\" data-widget_type=\"image.default\">\n\t\t\t\t<div class=\"elementor-widget-container\">\n\t\t\t\t\t\t\t\t\t\t\t\t\t\t\t<img loading=\"lazy\" decoding=\"async\" width=\"640\" height=\"911\" src=\"https:\/\/vilanova.travel\/casamuseoirmanscamba\/wp-content\/uploads\/2024\/09\/Lance_de_amor_1927_Francisco_Camba_La_novela_de_hoy.jpg\" class=\"attachment-full size-full wp-image-305\" alt=\"Lance_de_amor_1927_Francisco_Camba,_La_novela_de_hoy\" srcset=\"https:\/\/vilanova.travel\/casamuseoirmanscamba\/wp-content\/uploads\/2024\/09\/Lance_de_amor_1927_Francisco_Camba_La_novela_de_hoy.jpg 640w, https:\/\/vilanova.travel\/casamuseoirmanscamba\/wp-content\/uploads\/2024\/09\/Lance_de_amor_1927_Francisco_Camba_La_novela_de_hoy-211x300.jpg 211w\" sizes=\"(max-width: 640px) 100vw, 640px\" \/>\t\t\t\t\t\t\t\t\t\t\t\t\t\t\t<\/div>\n\t\t\t\t<\/div>\n\t\t\t\t<\/div>\n\t\t<div class=\"elementor-element elementor-element-93c4894 e-con-full e-flex e-con e-child\" data-id=\"93c4894\" data-element_type=\"container\" data-e-type=\"container\">\n\t\t\t\t<div class=\"elementor-element elementor-element-b5a0139 elementor-widget elementor-widget-heading\" data-id=\"b5a0139\" data-element_type=\"widget\" data-e-type=\"widget\" data-widget_type=\"heading.default\">\n\t\t\t\t<div class=\"elementor-widget-container\">\n\t\t\t\t\t<h3 class=\"elementor-heading-title elementor-size-default\">A s\u00faa obra<\/h3>\t\t\t\t<\/div>\n\t\t\t\t<\/div>\n\t\t\t\t<div class=\"elementor-element elementor-element-04da941 elementor-widget elementor-widget-text-editor\" data-id=\"04da941\" data-element_type=\"widget\" data-e-type=\"widget\" data-widget_type=\"text-editor.default\">\n\t\t\t\t<div class=\"elementor-widget-container\">\n\t\t\t\t\t\t\t\t\t<p><strong>A s\u00faa obra se divide en varias etapas, <\/strong>das cales se poden destacar d\u00faas. A primeira delas c\u00e9ntrase na <strong>novela costumista<\/strong>, destacando a publicaci\u00f3n <strong><em>Los nietos de \u00cdcaro<\/em>,<\/strong> considerada a <strong>primeira novela espa\u00f1ola sobre a aviaci\u00f3n<\/strong>. Tam\u00e9n \u00e9 remarcable a obra <strong><em>El vellocino de plata<\/em>,<\/strong> centrada na <strong>emigraci\u00f3n a Am\u00e9rica.<\/strong><\/p><p>A segunda etapa se encadra dentro do x\u00e9nero de<strong> novela hist\u00f3rica<\/strong>. Neste caso, e <strong>froito da s\u00faa estancia en Madrid durante a Guerra Civil<\/strong>, destacan os <strong><em>Episodios Contempor\u00e1neos<\/em>.<\/strong> Seguindo un pouco a estela de P\u00e9rez Gald\u00f3s <strong>mesturaba nos seus escritos a realidade vivida nesta etapa coa ficci\u00f3n.<\/strong> Maior importancia ten a s\u00faa <strong>novela autobiogr\u00e1fica <em>Madridgrado<\/em><\/strong> (1939), onde reflexa as s\u00faas vivencias durante a Guerra Civil.<\/p><p><strong>As obras de Francisco Camba gozaron de gran acollida durante a s\u00faa \u00e9poca.<\/strong> Sen embargo, non chegaron de igual maneira \u00e1 actualidade, como no caso das do seu irm\u00e1, Julio Camba, cuxas publicaci\u00f3ns a\u00ednda seguen sendo referencia. <strong>Faleceu en 1948 en Madrid, aos 65 anos.<\/strong><\/p>\t\t\t\t\t\t\t\t<\/div>\n\t\t\t\t<\/div>\n\t\t\t\t<\/div>\n\t\t\t\t<\/div>\n\t\t<div class=\"elementor-element elementor-element-a156f51 e-con-full elementor-hidden-desktop elementor-hidden-tablet e-flex e-con e-parent\" data-id=\"a156f51\" data-element_type=\"container\" data-e-type=\"container\">\n\t\t<div class=\"elementor-element elementor-element-5e95b98 e-con-full e-flex e-con e-child\" data-id=\"5e95b98\" data-element_type=\"container\" data-e-type=\"container\">\n\t\t\t\t<div class=\"elementor-element elementor-element-858a11f elementor-widget elementor-widget-heading\" data-id=\"858a11f\" data-element_type=\"widget\" data-e-type=\"widget\" data-widget_type=\"heading.default\">\n\t\t\t\t<div class=\"elementor-widget-container\">\n\t\t\t\t\t<h3 class=\"elementor-heading-title elementor-size-default\">A s\u00faa obra<\/h3>\t\t\t\t<\/div>\n\t\t\t\t<\/div>\n\t\t\t\t<div class=\"elementor-element elementor-element-5db8c1b elementor-widget elementor-widget-text-editor\" data-id=\"5db8c1b\" data-element_type=\"widget\" data-e-type=\"widget\" data-widget_type=\"text-editor.default\">\n\t\t\t\t<div class=\"elementor-widget-container\">\n\t\t\t\t\t\t\t\t\t<p><strong>A s\u00faa obra se divide en varias etapas, <\/strong>das cales se poden destacar d\u00faas. A primeira delas c\u00e9ntrase na <strong>novela costumista<\/strong>, destacando a publicaci\u00f3n <strong><em>Los nietos de \u00cdcaro<\/em>,<\/strong> considerada a <strong>primeira novela espa\u00f1ola sobre a aviaci\u00f3n<\/strong>. Tam\u00e9n \u00e9 remarcable a obra <strong><em>El vellocino de plata<\/em>,<\/strong> centrada na <strong>emigraci\u00f3n a Am\u00e9rica.<\/strong><\/p><p>A segunda etapa se encadra dentro do x\u00e9nero de<strong> novela hist\u00f3rica<\/strong>. Neste caso, e <strong>froito da s\u00faa estancia en Madrid durante a Guerra Civil<\/strong>, destacan os <strong><em>Episodios Contempor\u00e1neos<\/em>.<\/strong> Seguindo un pouco a estela de P\u00e9rez Gald\u00f3s <strong>mesturaba nos seus escritos a realidade vivida nesta etapa coa ficci\u00f3n.<\/strong> Maior importancia ten a s\u00faa <strong>novela autobiogr\u00e1fica <em>Madridgrado<\/em><\/strong> (1939), onde reflexa as s\u00faas vivencias durante a Guerra Civil.<\/p><p><strong>As obras de Francisco Camba gozaron de gran acollida durante a s\u00faa \u00e9poca.<\/strong> Sen embargo, non chegaron de igual maneira \u00e1 actualidade, como no caso das do seu irm\u00e1, Julio Camba, cuxas publicaci\u00f3ns a\u00ednda seguen sendo referencia. <strong>Faleceu en 1948 en Madrid, aos 65 anos.<\/strong><\/p>\t\t\t\t\t\t\t\t<\/div>\n\t\t\t\t<\/div>\n\t\t\t\t<\/div>\n\t\t<div class=\"elementor-element elementor-element-ef03339 e-con-full e-flex e-con e-child\" data-id=\"ef03339\" data-element_type=\"container\" data-e-type=\"container\" data-settings=\"{&quot;background_background&quot;:&quot;classic&quot;}\">\n\t\t\t\t<div class=\"elementor-element elementor-element-583adb0 elementor-hidden-desktop elementor-hidden-tablet elementor-widget elementor-widget-image\" data-id=\"583adb0\" data-element_type=\"widget\" data-e-type=\"widget\" data-widget_type=\"image.default\">\n\t\t\t\t<div class=\"elementor-widget-container\">\n\t\t\t\t\t\t\t\t\t\t\t\t\t\t\t<img loading=\"lazy\" decoding=\"async\" width=\"640\" height=\"911\" src=\"https:\/\/vilanova.travel\/casamuseoirmanscamba\/wp-content\/uploads\/2024\/09\/Lance_de_amor_1927_Francisco_Camba_La_novela_de_hoy.jpg\" class=\"attachment-full size-full wp-image-305\" alt=\"Lance_de_amor_1927_Francisco_Camba,_La_novela_de_hoy\" srcset=\"https:\/\/vilanova.travel\/casamuseoirmanscamba\/wp-content\/uploads\/2024\/09\/Lance_de_amor_1927_Francisco_Camba_La_novela_de_hoy.jpg 640w, https:\/\/vilanova.travel\/casamuseoirmanscamba\/wp-content\/uploads\/2024\/09\/Lance_de_amor_1927_Francisco_Camba_La_novela_de_hoy-211x300.jpg 211w\" sizes=\"(max-width: 640px) 100vw, 640px\" \/>\t\t\t\t\t\t\t\t\t\t\t\t\t\t\t<\/div>\n\t\t\t\t<\/div>\n\t\t\t\t<\/div>\n\t\t\t\t<\/div>\n\t\t\t\t<\/div>\n\t\t","protected":false},"excerpt":{"rendered":"<p>Francisco Camba Infancia Nado no ano 1882, Francisco (Paco) Camba mostrou desde moi pequeno a s\u00faa devoci\u00f3n polas letras. En 1898, sacou o t\u00edtulo de Mestre e un dos seus primeiros destinos foi Portomar\u00edn. Aproveitou a s\u00faa estancia nesta localidade para colaborar con distintos medios da \u00e9poca como La Idea moderna ou El Lucense. Tras&hellip;&nbsp;<a href=\"https:\/\/vilanova.travel\/casamuseoirmanscamba\/gl\/francisco-camba-2\/\" rel=\"bookmark\">Leer m\u00e1s &raquo;<span class=\"screen-reader-text\">Francisco Camba<\/span><\/a><\/p>\n","protected":false},"author":1,"featured_media":0,"parent":0,"menu_order":0,"comment_status":"closed","ping_status":"closed","template":"elementor_header_footer","meta":{"inline_featured_image":false,"neve_meta_sidebar":"","neve_meta_container":"","neve_meta_enable_content_width":"","neve_meta_content_width":0,"neve_meta_title_alignment":"","neve_meta_author_avatar":"","neve_post_elements_order":"","neve_meta_disable_header":"","neve_meta_disable_footer":"","neve_meta_disable_title":"","footnotes":""},"class_list":["post-708","page","type-page","status-publish","hentry"],"_links":{"self":[{"href":"https:\/\/vilanova.travel\/casamuseoirmanscamba\/wp-json\/wp\/v2\/pages\/708","targetHints":{"allow":["GET"]}}],"collection":[{"href":"https:\/\/vilanova.travel\/casamuseoirmanscamba\/wp-json\/wp\/v2\/pages"}],"about":[{"href":"https:\/\/vilanova.travel\/casamuseoirmanscamba\/wp-json\/wp\/v2\/types\/page"}],"author":[{"embeddable":true,"href":"https:\/\/vilanova.travel\/casamuseoirmanscamba\/wp-json\/wp\/v2\/users\/1"}],"replies":[{"embeddable":true,"href":"https:\/\/vilanova.travel\/casamuseoirmanscamba\/wp-json\/wp\/v2\/comments?post=708"}],"version-history":[{"count":4,"href":"https:\/\/vilanova.travel\/casamuseoirmanscamba\/wp-json\/wp\/v2\/pages\/708\/revisions"}],"predecessor-version":[{"id":712,"href":"https:\/\/vilanova.travel\/casamuseoirmanscamba\/wp-json\/wp\/v2\/pages\/708\/revisions\/712"}],"wp:attachment":[{"href":"https:\/\/vilanova.travel\/casamuseoirmanscamba\/wp-json\/wp\/v2\/media?parent=708"}],"curies":[{"name":"wp","href":"https:\/\/api.w.org\/{rel}","templated":true}]}}