{"id":681,"date":"2024-11-13T15:44:09","date_gmt":"2024-11-13T13:44:09","guid":{"rendered":"https:\/\/vilanova.travel\/casamuseoirmanscamba\/?page_id=681"},"modified":"2024-11-13T15:46:49","modified_gmt":"2024-11-13T13:46:49","slug":"casa-2","status":"publish","type":"page","link":"https:\/\/vilanova.travel\/casamuseoirmanscamba\/gl\/casa-2\/","title":{"rendered":"Casa"},"content":{"rendered":"\t\t<div data-elementor-type=\"wp-page\" data-elementor-id=\"681\" class=\"elementor elementor-681\">\n\t\t\t\t<div class=\"elementor-element elementor-element-4bbd52c e-con-full e-flex e-con e-parent\" data-id=\"4bbd52c\" data-element_type=\"container\" data-e-type=\"container\">\n\t\t\t\t<div class=\"elementor-element elementor-element-e655b92 elementor-widget elementor-widget-image\" data-id=\"e655b92\" data-element_type=\"widget\" data-e-type=\"widget\" data-widget_type=\"image.default\">\n\t\t\t\t<div class=\"elementor-widget-container\">\n\t\t\t\t\t\t\t\t\t\t\t\t\t\t\t<img fetchpriority=\"high\" decoding=\"async\" width=\"1728\" height=\"300\" src=\"https:\/\/vilanova.travel\/casamuseoirmanscamba\/wp-content\/uploads\/2024\/09\/Cabecera.jpg\" class=\"attachment-full size-full wp-image-185\" alt=\"Cabecera la casa\" srcset=\"https:\/\/vilanova.travel\/casamuseoirmanscamba\/wp-content\/uploads\/2024\/09\/Cabecera.jpg 1728w, https:\/\/vilanova.travel\/casamuseoirmanscamba\/wp-content\/uploads\/2024\/09\/Cabecera-300x52.jpg 300w, https:\/\/vilanova.travel\/casamuseoirmanscamba\/wp-content\/uploads\/2024\/09\/Cabecera-1024x178.jpg 1024w, https:\/\/vilanova.travel\/casamuseoirmanscamba\/wp-content\/uploads\/2024\/09\/Cabecera-768x133.jpg 768w, https:\/\/vilanova.travel\/casamuseoirmanscamba\/wp-content\/uploads\/2024\/09\/Cabecera-1536x267.jpg 1536w\" sizes=\"(max-width: 1728px) 100vw, 1728px\" \/>\t\t\t\t\t\t\t\t\t\t\t\t\t\t\t<\/div>\n\t\t\t\t<\/div>\n\t\t\t\t<\/div>\n\t\t<div class=\"elementor-element elementor-element-773c703 e-con-full e-flex e-con e-parent\" data-id=\"773c703\" data-element_type=\"container\" data-e-type=\"container\">\n\t\t\t\t<div class=\"elementor-element elementor-element-5ce3f73 elementor-widget elementor-widget-heading\" data-id=\"5ce3f73\" data-element_type=\"widget\" data-e-type=\"widget\" data-widget_type=\"heading.default\">\n\t\t\t\t<div class=\"elementor-widget-container\">\n\t\t\t\t\t<h1 class=\"elementor-heading-title elementor-size-default\">A casa<\/h1>\t\t\t\t<\/div>\n\t\t\t\t<\/div>\n\t\t\t\t<div class=\"elementor-element elementor-element-02d9967 elementor-widget elementor-widget-heading\" data-id=\"02d9967\" data-element_type=\"widget\" data-e-type=\"widget\" data-widget_type=\"heading.default\">\n\t\t\t\t<div class=\"elementor-widget-container\">\n\t\t\t\t\t<h2 class=\"elementor-heading-title elementor-size-default\">Localizada no barrio de Vilamairo, a un paso do Xard\u00edn Umbrio, est\u00e1 a Casa-Museo Irm\u00e1ns Camba.<\/h2>\t\t\t\t<\/div>\n\t\t\t\t<\/div>\n\t\t\t\t<div class=\"elementor-element elementor-element-060d3eb elementor-widget elementor-widget-text-editor\" data-id=\"060d3eb\" data-element_type=\"widget\" data-e-type=\"widget\" data-widget_type=\"text-editor.default\">\n\t\t\t\t<div class=\"elementor-widget-container\">\n\t\t\t\t\t\t\t\t\t<p>Ver\u00e1s un <strong>edificio de pedra, de tipolox\u00eda tipicamente mari\u00f1eira e galega,<\/strong> caracterizada polos seus muros de cachoter\u00eda, que conta con <strong>d\u00faas plantas<\/strong>. No seu exterior poder\u00e1s ver un <strong>escudo<\/strong> cuartelado en cruz con elementos ornamentais, fiel testemu\u00f1a da <strong>nobre orixe<\/strong> deste inmoble.<\/p>\t\t\t\t\t\t\t\t<\/div>\n\t\t\t\t<\/div>\n\t\t\t\t<\/div>\n\t\t<div class=\"elementor-element elementor-element-0b88ebe e-con-full e-flex e-con e-parent\" data-id=\"0b88ebe\" data-element_type=\"container\" data-e-type=\"container\">\n\t\t\t\t<div class=\"elementor-element elementor-element-d260854 elementor-widget elementor-widget-image\" data-id=\"d260854\" data-element_type=\"widget\" data-e-type=\"widget\" data-widget_type=\"image.default\">\n\t\t\t\t<div class=\"elementor-widget-container\">\n\t\t\t\t\t\t\t\t\t\t\t\t\t\t\t<img decoding=\"async\" width=\"2000\" height=\"585\" src=\"https:\/\/vilanova.travel\/casamuseoirmanscamba\/wp-content\/uploads\/2024\/09\/La-casa-1-min.jpeg\" class=\"attachment-full size-full wp-image-193\" alt=\"\" srcset=\"https:\/\/vilanova.travel\/casamuseoirmanscamba\/wp-content\/uploads\/2024\/09\/La-casa-1-min.jpeg 2000w, https:\/\/vilanova.travel\/casamuseoirmanscamba\/wp-content\/uploads\/2024\/09\/La-casa-1-min-300x88.jpeg 300w, https:\/\/vilanova.travel\/casamuseoirmanscamba\/wp-content\/uploads\/2024\/09\/La-casa-1-min-1024x300.jpeg 1024w, https:\/\/vilanova.travel\/casamuseoirmanscamba\/wp-content\/uploads\/2024\/09\/La-casa-1-min-768x225.jpeg 768w, https:\/\/vilanova.travel\/casamuseoirmanscamba\/wp-content\/uploads\/2024\/09\/La-casa-1-min-1536x449.jpeg 1536w\" sizes=\"(max-width: 2000px) 100vw, 2000px\" \/>\t\t\t\t\t\t\t\t\t\t\t\t\t\t\t<\/div>\n\t\t\t\t<\/div>\n\t\t\t\t<\/div>\n\t\t<div class=\"elementor-element elementor-element-f6456b6 e-con-full e-flex e-con e-parent\" data-id=\"f6456b6\" data-element_type=\"container\" data-e-type=\"container\">\n\t\t\t\t<div class=\"elementor-element elementor-element-746a1b7 elementor-widget elementor-widget-text-editor\" data-id=\"746a1b7\" data-element_type=\"widget\" data-e-type=\"widget\" data-widget_type=\"text-editor.default\">\n\t\t\t\t<div class=\"elementor-widget-container\">\n\t\t\t\t\t\t\t\t\t<p>Non falta nesta casa a <strong>tradicional escaleira de pat\u00edn,<\/strong> tapado este por un pequeno tellado. Ademais de conformar o <strong>acceso \u00e1 vivenda principal<\/strong>, o seu relanzo contaba con <strong>varias funci\u00f3ns<\/strong>: desde punto de encontro para falar ata espazo para tender a roupa. Dise que, antigamente, esta \u00e1rea atop\u00e1base tapada e era al\u00ed onde o pai dos irm\u00e1ns Camba desenvolv\u00eda a s\u00faa profesi\u00f3n de practicante de medicina.<\/p><p>Como toda casa tradicional da \u00e9poca, a <strong>planta baix<\/strong>a reserv\u00e1base para <strong>gardar aos animais<\/strong>. Ademais, gard\u00e1banse aqu\u00ed <strong>aparellos e ferramentas<\/strong> relacionadas coa profesi\u00f3n do <strong>mar<\/strong>. Este espazo tam\u00e9n serviu como <strong>pequeno laboratorio<\/strong>, onde o <strong>pai<\/strong> destes dous escritores vilanoveses elaboraba as <strong>f\u00f3rmulas farmac\u00e9uticas<\/strong> dentro da s\u00faa labor de practicante de medicina.<\/p><p>A <strong>finais dos 70\u2019s<\/strong>, a <strong>casa<\/strong> caeu en estado de <strong>abandono<\/strong>. Uns anos m\u00e1is tarde, o <strong>Concello de Vilanova<\/strong> adquiriuna e <strong>rehabilitouna<\/strong> para convertela en <strong>Biblioteca Municipal<\/strong>. Foi a <strong>finais<\/strong> dos anos <strong>90\u2019s<\/strong> cando se quixo converter este espazo na <strong>Casa-Museo dos Irm\u00e1ns Camba<\/strong>, preservando o <strong>valioso legado de ambos escritores<\/strong> a trav\u00e9s dun completo espazo expositivo.<\/p>\t\t\t\t\t\t\t\t<\/div>\n\t\t\t\t<\/div>\n\t\t\t\t<\/div>\n\t\t<div class=\"elementor-element elementor-element-da5fb63 e-con-full e-flex e-con e-parent\" data-id=\"da5fb63\" data-element_type=\"container\" data-e-type=\"container\">\n\t\t\t\t<div class=\"elementor-element elementor-element-edb6e72 elementor-widget elementor-widget-heading\" data-id=\"edb6e72\" data-element_type=\"widget\" data-e-type=\"widget\" data-widget_type=\"heading.default\">\n\t\t\t\t<div class=\"elementor-widget-container\">\n\t\t\t\t\t<h2 class=\"elementor-heading-title elementor-size-default\">Galer\u00eda<\/h2>\t\t\t\t<\/div>\n\t\t\t\t<\/div>\n\t\t\t\t<div class=\"elementor-element elementor-element-01735ba galimg elementor-arrows-position-inside elementor-widget elementor-widget-image-carousel\" data-id=\"01735ba\" data-element_type=\"widget\" data-e-type=\"widget\" data-settings=\"{&quot;slides_to_show&quot;:&quot;4&quot;,&quot;slides_to_scroll&quot;:&quot;1&quot;,&quot;navigation&quot;:&quot;arrows&quot;,&quot;lazyload&quot;:&quot;yes&quot;,&quot;autoplay&quot;:&quot;yes&quot;,&quot;pause_on_hover&quot;:&quot;yes&quot;,&quot;pause_on_interaction&quot;:&quot;yes&quot;,&quot;autoplay_speed&quot;:5000,&quot;infinite&quot;:&quot;yes&quot;,&quot;speed&quot;:500,&quot;image_spacing_custom&quot;:{&quot;unit&quot;:&quot;px&quot;,&quot;size&quot;:20,&quot;sizes&quot;:[]},&quot;image_spacing_custom_tablet&quot;:{&quot;unit&quot;:&quot;px&quot;,&quot;size&quot;:&quot;&quot;,&quot;sizes&quot;:[]},&quot;image_spacing_custom_mobile&quot;:{&quot;unit&quot;:&quot;px&quot;,&quot;size&quot;:&quot;&quot;,&quot;sizes&quot;:[]}}\" data-widget_type=\"image-carousel.default\">\n\t\t\t\t<div class=\"elementor-widget-container\">\n\t\t\t\t\t\t\t<div class=\"elementor-image-carousel-wrapper swiper\" role=\"region\" aria-roledescription=\"carousel\" aria-label=\"Carrusel de imaxes\" dir=\"ltr\">\n\t\t\t<div class=\"elementor-image-carousel swiper-wrapper\" aria-live=\"off\">\n\t\t\t\t\t\t\t\t<div class=\"swiper-slide\" role=\"group\" aria-roledescription=\"slide\" aria-label=\"1 de 9\"><a data-elementor-open-lightbox=\"yes\" data-elementor-lightbox-slideshow=\"01735ba\" data-e-action-hash=\"#elementor-action%3Aaction%3Dlightbox%26settings%3DeyJpZCI6MTk4LCJ1cmwiOiJodHRwczpcL1wvdmlsYW5vdmEudHJhdmVsXC9jYXNhbXVzZW9pcm1hbnNjYW1iYVwvd3AtY29udGVudFwvdXBsb2Fkc1wvMjAyNFwvMDlcL2xhLWNhc2EtMS5qcGVnIiwic2xpZGVzaG93IjoiMDE3MzViYSJ9\" href=\"https:\/\/vilanova.travel\/casamuseoirmanscamba\/wp-content\/uploads\/2024\/09\/la-casa-1.jpeg\"><figure class=\"swiper-slide-inner\"><img class=\"swiper-slide-image swiper-lazy\" data-src=\"https:\/\/vilanova.travel\/casamuseoirmanscamba\/wp-content\/uploads\/2024\/09\/la-casa-1.jpeg\" alt=\"la casa 1\" \/><div class=\"swiper-lazy-preloader\"><\/div><\/figure><\/a><\/div><div class=\"swiper-slide\" role=\"group\" aria-roledescription=\"slide\" aria-label=\"2 de 9\"><a data-elementor-open-lightbox=\"yes\" data-elementor-lightbox-slideshow=\"01735ba\" data-e-action-hash=\"#elementor-action%3Aaction%3Dlightbox%26settings%3DeyJpZCI6MTk5LCJ1cmwiOiJodHRwczpcL1wvdmlsYW5vdmEudHJhdmVsXC9jYXNhbXVzZW9pcm1hbnNjYW1iYVwvd3AtY29udGVudFwvdXBsb2Fkc1wvMjAyNFwvMDlcL2xhLWNhc2EtMi5qcGVnIiwic2xpZGVzaG93IjoiMDE3MzViYSJ9\" href=\"https:\/\/vilanova.travel\/casamuseoirmanscamba\/wp-content\/uploads\/2024\/09\/la-casa-2.jpeg\"><figure class=\"swiper-slide-inner\"><img class=\"swiper-slide-image swiper-lazy\" data-src=\"https:\/\/vilanova.travel\/casamuseoirmanscamba\/wp-content\/uploads\/2024\/09\/la-casa-2.jpeg\" alt=\"la casa 2\" \/><div class=\"swiper-lazy-preloader\"><\/div><\/figure><\/a><\/div><div class=\"swiper-slide\" role=\"group\" aria-roledescription=\"slide\" aria-label=\"3 de 9\"><a data-elementor-open-lightbox=\"yes\" data-elementor-lightbox-slideshow=\"01735ba\" data-e-action-hash=\"#elementor-action%3Aaction%3Dlightbox%26settings%3DeyJpZCI6MjAwLCJ1cmwiOiJodHRwczpcL1wvdmlsYW5vdmEudHJhdmVsXC9jYXNhbXVzZW9pcm1hbnNjYW1iYVwvd3AtY29udGVudFwvdXBsb2Fkc1wvMjAyNFwvMDlcL2xhLWNhc2EtMy5qcGVnIiwic2xpZGVzaG93IjoiMDE3MzViYSJ9\" href=\"https:\/\/vilanova.travel\/casamuseoirmanscamba\/wp-content\/uploads\/2024\/09\/la-casa-3.jpeg\"><figure class=\"swiper-slide-inner\"><img class=\"swiper-slide-image swiper-lazy\" data-src=\"https:\/\/vilanova.travel\/casamuseoirmanscamba\/wp-content\/uploads\/2024\/09\/la-casa-3.jpeg\" alt=\"la casa 3\" \/><div class=\"swiper-lazy-preloader\"><\/div><\/figure><\/a><\/div><div class=\"swiper-slide\" role=\"group\" aria-roledescription=\"slide\" aria-label=\"4 de 9\"><a data-elementor-open-lightbox=\"yes\" data-elementor-lightbox-slideshow=\"01735ba\" data-e-action-hash=\"#elementor-action%3Aaction%3Dlightbox%26settings%3DeyJpZCI6MjAxLCJ1cmwiOiJodHRwczpcL1wvdmlsYW5vdmEudHJhdmVsXC9jYXNhbXVzZW9pcm1hbnNjYW1iYVwvd3AtY29udGVudFwvdXBsb2Fkc1wvMjAyNFwvMDlcL2xhLWNhc2EtNC5qcGVnIiwic2xpZGVzaG93IjoiMDE3MzViYSJ9\" href=\"https:\/\/vilanova.travel\/casamuseoirmanscamba\/wp-content\/uploads\/2024\/09\/la-casa-4.jpeg\"><figure class=\"swiper-slide-inner\"><img class=\"swiper-slide-image swiper-lazy\" data-src=\"https:\/\/vilanova.travel\/casamuseoirmanscamba\/wp-content\/uploads\/2024\/09\/la-casa-4.jpeg\" alt=\"la casa 4\" \/><div class=\"swiper-lazy-preloader\"><\/div><\/figure><\/a><\/div><div class=\"swiper-slide\" role=\"group\" aria-roledescription=\"slide\" aria-label=\"5 de 9\"><a data-elementor-open-lightbox=\"yes\" data-elementor-lightbox-slideshow=\"01735ba\" data-e-action-hash=\"#elementor-action%3Aaction%3Dlightbox%26settings%3DeyJpZCI6MjAyLCJ1cmwiOiJodHRwczpcL1wvdmlsYW5vdmEudHJhdmVsXC9jYXNhbXVzZW9pcm1hbnNjYW1iYVwvd3AtY29udGVudFwvdXBsb2Fkc1wvMjAyNFwvMDlcL2xhLWNhc2EtNS5qcGVnIiwic2xpZGVzaG93IjoiMDE3MzViYSJ9\" href=\"https:\/\/vilanova.travel\/casamuseoirmanscamba\/wp-content\/uploads\/2024\/09\/la-casa-5.jpeg\"><figure class=\"swiper-slide-inner\"><img class=\"swiper-slide-image swiper-lazy\" data-src=\"https:\/\/vilanova.travel\/casamuseoirmanscamba\/wp-content\/uploads\/2024\/09\/la-casa-5.jpeg\" alt=\"la casa 5\" \/><div class=\"swiper-lazy-preloader\"><\/div><\/figure><\/a><\/div><div class=\"swiper-slide\" role=\"group\" aria-roledescription=\"slide\" aria-label=\"6 de 9\"><a data-elementor-open-lightbox=\"yes\" data-elementor-lightbox-slideshow=\"01735ba\" data-e-action-hash=\"#elementor-action%3Aaction%3Dlightbox%26settings%3DeyJpZCI6MjAzLCJ1cmwiOiJodHRwczpcL1wvdmlsYW5vdmEudHJhdmVsXC9jYXNhbXVzZW9pcm1hbnNjYW1iYVwvd3AtY29udGVudFwvdXBsb2Fkc1wvMjAyNFwvMDlcL2xhLWNhc2EtNi5qcGVnIiwic2xpZGVzaG93IjoiMDE3MzViYSJ9\" href=\"https:\/\/vilanova.travel\/casamuseoirmanscamba\/wp-content\/uploads\/2024\/09\/la-casa-6.jpeg\"><figure class=\"swiper-slide-inner\"><img class=\"swiper-slide-image swiper-lazy\" data-src=\"https:\/\/vilanova.travel\/casamuseoirmanscamba\/wp-content\/uploads\/2024\/09\/la-casa-6.jpeg\" alt=\"la casa 6\" \/><div class=\"swiper-lazy-preloader\"><\/div><\/figure><\/a><\/div><div class=\"swiper-slide\" role=\"group\" aria-roledescription=\"slide\" aria-label=\"7 de 9\"><a data-elementor-open-lightbox=\"yes\" data-elementor-lightbox-slideshow=\"01735ba\" data-e-action-hash=\"#elementor-action%3Aaction%3Dlightbox%26settings%3DeyJpZCI6MjA0LCJ1cmwiOiJodHRwczpcL1wvdmlsYW5vdmEudHJhdmVsXC9jYXNhbXVzZW9pcm1hbnNjYW1iYVwvd3AtY29udGVudFwvdXBsb2Fkc1wvMjAyNFwvMDlcL2xhLWNhc2EtNy5qcGVnIiwic2xpZGVzaG93IjoiMDE3MzViYSJ9\" href=\"https:\/\/vilanova.travel\/casamuseoirmanscamba\/wp-content\/uploads\/2024\/09\/la-casa-7.jpeg\"><figure class=\"swiper-slide-inner\"><img class=\"swiper-slide-image swiper-lazy\" data-src=\"https:\/\/vilanova.travel\/casamuseoirmanscamba\/wp-content\/uploads\/2024\/09\/la-casa-7.jpeg\" alt=\"la casa 7\" \/><div class=\"swiper-lazy-preloader\"><\/div><\/figure><\/a><\/div><div class=\"swiper-slide\" role=\"group\" aria-roledescription=\"slide\" aria-label=\"8 de 9\"><a data-elementor-open-lightbox=\"yes\" data-elementor-lightbox-slideshow=\"01735ba\" data-e-action-hash=\"#elementor-action%3Aaction%3Dlightbox%26settings%3DeyJpZCI6MjA1LCJ1cmwiOiJodHRwczpcL1wvdmlsYW5vdmEudHJhdmVsXC9jYXNhbXVzZW9pcm1hbnNjYW1iYVwvd3AtY29udGVudFwvdXBsb2Fkc1wvMjAyNFwvMDlcL2xhLWNhc2EtOC5qcGVnIiwic2xpZGVzaG93IjoiMDE3MzViYSJ9\" href=\"https:\/\/vilanova.travel\/casamuseoirmanscamba\/wp-content\/uploads\/2024\/09\/la-casa-8.jpeg\"><figure class=\"swiper-slide-inner\"><img class=\"swiper-slide-image swiper-lazy\" data-src=\"https:\/\/vilanova.travel\/casamuseoirmanscamba\/wp-content\/uploads\/2024\/09\/la-casa-8.jpeg\" alt=\"la casa 8\" \/><div class=\"swiper-lazy-preloader\"><\/div><\/figure><\/a><\/div><div class=\"swiper-slide\" role=\"group\" aria-roledescription=\"slide\" aria-label=\"9 de 9\"><a data-elementor-open-lightbox=\"yes\" data-elementor-lightbox-slideshow=\"01735ba\" data-e-action-hash=\"#elementor-action%3Aaction%3Dlightbox%26settings%3DeyJpZCI6MjA2LCJ1cmwiOiJodHRwczpcL1wvdmlsYW5vdmEudHJhdmVsXC9jYXNhbXVzZW9pcm1hbnNjYW1iYVwvd3AtY29udGVudFwvdXBsb2Fkc1wvMjAyNFwvMDlcL2xhLWNhc2EtOS5qcGVnIiwic2xpZGVzaG93IjoiMDE3MzViYSJ9\" href=\"https:\/\/vilanova.travel\/casamuseoirmanscamba\/wp-content\/uploads\/2024\/09\/la-casa-9.jpeg\"><figure class=\"swiper-slide-inner\"><img class=\"swiper-slide-image swiper-lazy\" data-src=\"https:\/\/vilanova.travel\/casamuseoirmanscamba\/wp-content\/uploads\/2024\/09\/la-casa-9.jpeg\" alt=\"la casa 9\" \/><div class=\"swiper-lazy-preloader\"><\/div><\/figure><\/a><\/div>\t\t\t<\/div>\n\t\t\t\t\t\t\t\t\t\t\t\t<div class=\"elementor-swiper-button elementor-swiper-button-prev\" role=\"button\" tabindex=\"0\">\n\t\t\t\t\t\t<svg aria-hidden=\"true\" class=\"e-font-icon-svg e-eicon-chevron-left\" viewBox=\"0 0 1000 1000\" xmlns=\"http:\/\/www.w3.org\/2000\/svg\"><path d=\"M646 125C629 125 613 133 604 142L308 442C296 454 292 471 292 487 292 504 296 521 308 533L604 854C617 867 629 875 646 875 663 875 679 871 692 858 704 846 713 829 713 812 713 796 708 779 692 767L438 487 692 225C700 217 708 204 708 187 708 171 704 154 692 142 675 129 663 125 646 125Z\"><\/path><\/svg>\t\t\t\t\t<\/div>\n\t\t\t\t\t<div class=\"elementor-swiper-button elementor-swiper-button-next\" role=\"button\" tabindex=\"0\">\n\t\t\t\t\t\t<svg aria-hidden=\"true\" class=\"e-font-icon-svg e-eicon-chevron-right\" viewBox=\"0 0 1000 1000\" xmlns=\"http:\/\/www.w3.org\/2000\/svg\"><path d=\"M696 533C708 521 713 504 713 487 713 471 708 454 696 446L400 146C388 133 375 125 354 125 338 125 325 129 313 142 300 154 292 171 292 187 292 204 296 221 308 233L563 492 304 771C292 783 288 800 288 817 288 833 296 850 308 863 321 871 338 875 354 875 371 875 388 867 400 854L696 533Z\"><\/path><\/svg>\t\t\t\t\t<\/div>\n\t\t\t\t\n\t\t\t\t\t\t\t\t\t<\/div>\n\t\t\t\t\t\t<\/div>\n\t\t\t\t<\/div>\n\t\t\t\t<\/div>\n\t\t\t\t<\/div>\n\t\t","protected":false},"excerpt":{"rendered":"<p>A casa Localizada no barrio de Vilamairo, a un paso do Xard\u00edn Umbrio, est\u00e1 a Casa-Museo Irm\u00e1ns Camba. Ver\u00e1s un edificio de pedra, de tipolox\u00eda tipicamente mari\u00f1eira e galega, caracterizada polos seus muros de cachoter\u00eda, que conta con d\u00faas plantas. No seu exterior poder\u00e1s ver un escudo cuartelado en cruz con elementos ornamentais, fiel testemu\u00f1a&hellip;&nbsp;<a href=\"https:\/\/vilanova.travel\/casamuseoirmanscamba\/gl\/casa-2\/\" rel=\"bookmark\">Leer m\u00e1s &raquo;<span class=\"screen-reader-text\">Casa<\/span><\/a><\/p>\n","protected":false},"author":1,"featured_media":0,"parent":0,"menu_order":0,"comment_status":"closed","ping_status":"closed","template":"elementor_header_footer","meta":{"inline_featured_image":false,"neve_meta_sidebar":"","neve_meta_container":"","neve_meta_enable_content_width":"","neve_meta_content_width":0,"neve_meta_title_alignment":"","neve_meta_author_avatar":"","neve_post_elements_order":"","neve_meta_disable_header":"","neve_meta_disable_footer":"","neve_meta_disable_title":"","footnotes":""},"class_list":["post-681","page","type-page","status-publish","hentry"],"_links":{"self":[{"href":"https:\/\/vilanova.travel\/casamuseoirmanscamba\/wp-json\/wp\/v2\/pages\/681","targetHints":{"allow":["GET"]}}],"collection":[{"href":"https:\/\/vilanova.travel\/casamuseoirmanscamba\/wp-json\/wp\/v2\/pages"}],"about":[{"href":"https:\/\/vilanova.travel\/casamuseoirmanscamba\/wp-json\/wp\/v2\/types\/page"}],"author":[{"embeddable":true,"href":"https:\/\/vilanova.travel\/casamuseoirmanscamba\/wp-json\/wp\/v2\/users\/1"}],"replies":[{"embeddable":true,"href":"https:\/\/vilanova.travel\/casamuseoirmanscamba\/wp-json\/wp\/v2\/comments?post=681"}],"version-history":[{"count":4,"href":"https:\/\/vilanova.travel\/casamuseoirmanscamba\/wp-json\/wp\/v2\/pages\/681\/revisions"}],"predecessor-version":[{"id":685,"href":"https:\/\/vilanova.travel\/casamuseoirmanscamba\/wp-json\/wp\/v2\/pages\/681\/revisions\/685"}],"wp:attachment":[{"href":"https:\/\/vilanova.travel\/casamuseoirmanscamba\/wp-json\/wp\/v2\/media?parent=681"}],"curies":[{"name":"wp","href":"https:\/\/api.w.org\/{rel}","templated":true}]}}